ose 5*g - n = 6 + 3, -3*g - 3*n + 9 = 0. Let c(s) = g*s + 36 - s - 38. What is c(h)?
6
Let z(d) = d**2 - 2*d. Let c be z(1). Let s(j) = 10*j**2 + 2*j + 2. Give s(c).
10
Let s(h) = -4*h**2 + 83*h - 9. Let n(g) = -4*g**2 + 108*g - 13. Let y(k) = -3*n(k) + 4*s(k). What is y(2)?
3
Let k(t) = -t**2 + 2*t - 2. Let z(r) = 3*r + 2. Let l(v) = -k(v) + 2*z(v). Give l(-3).
3
Let b(h) be the second derivative of -h**3/2 + h**2/2 - h - 30. Let g be ((-672)/(-40))/(6/(-20)). Let z = 62 + g. What is b(z)?
-17
Suppose -4*y + 20 = 2*j - 0*j, 3*y - 4*j - 4 = 0. Let t(g) = -3 + y + 1 - g. Suppose 2*u + 12 = 3*h, -19*h - 5*u - 30 = -14*h. Determine t(h).
2
Let q(h) = 11 + 46*h**2 + 6 - 45*h**2 + h - 4*h - 12*h. Calculate q(11).
-27
Suppose -n = r - 5*r - 170, -r - n - 45 = 0. Let g = 49 + r. Let p(m) be the third derivative of -m**5/60 + 5*m**4/24 + 4*m**3/3 + 20*m**2. Determine p(g).
2
Let p = -5 + 11. Let v be (10 - (-66)/(-9))/(2/6). Suppose 2*n - v = 5*z, -3*n - p*z = -3*z + 9. Let w(q) = -q**3 + q**2 + q + 1. What is w(n)?
2
Let i(n) be the first derivative of -n**3/3 + 4*n**2 + 15*n - 647. Calculate i(13).
-50
Let h(f) = -3*f**2 - 71*f - 8. Let y(a) = -8*a**2 - 202*a - 22. Let d(b) = 11*h(b) - 4*y(b). Determine d(27).
0
Let i(l) = -l**2 - 14*l - 51. Suppose -4*k = -2*n + 34, -5*k + 4*k - n - 13 = 0. Determine i(k).
-11
Let n(c) = c - 5. Let a(o) = 4*o - 4. Let w(i) = i + 1. Let b(k) = 2*a(k) - 6*w(k). Let r be b(10). What is n(r)?
1
Let m(i) = -3*i**3 - 128. Let j(z) = -4*z**3 + z - 129. Let h(f) = -4*j(f) + 5*m(f). Let r(y) be the first derivative of h(y). Determine r(2).
8
Suppose -418*y = -3*g - 420*y - 83, -5*y + 80 = -5*g. Let h(l) = 3*l**2 + 71*l + 37. Give h(g).
-9
Let j(i) be the first derivative of i**3/3 - i**2 - 3*i + 6. Let c = -52 + 57. Suppose -2*n = c*o - 10, -3*n - 2 = 13. Determine j(o).
5
Let b(j) = 6*j**3 + 9*j**2 + 4*j + 14. Let v = 197 + -202. Let l(g) = 5*g**3 + 8*g**2 + 4*g + 12. Let w(r) = v*l(r) + 4*b(r). Determine w(-4).
12
Let k(p) = 425*p**2 + 2*p - 4. Let f(x) = -319*x**2 - x + 4. Let w(u) = -4*f(u) - 3*k(u). Suppose -3*d + 6 = 3*i, 3*d + 6 = 5*d + i. Calculate w(d).
4
Let c(a) = -a**3 + 8*a**2 - 7*a + 4. Suppose 16 + 2 = 6*x. Suppose -h + x*q + 3 = q, 4*h - 22 = 3*q. Give c(h).
4
Let q(p) = -4*p**2 + 2*p - 7. Let c(m) = -6*m**2 + 4*m - 15. Let y(i) = c(i) - 2*q(i). Let r be 2/(-1)*(1 + 0). Give y(r).
7
Suppose 0 = -2*t + 4*c, -t - 11 = -5*t - 3*c. Let i(j) = -j**3 - 603 + 307 + 298 + 5*j**t - 4*j. Calculate i(4).
2
Let z = -5 - -3. Let s(w) be the second derivative of 5*w**4/12 + 2*w**3/3 + w**2 + 19*w - 23. Calculate s(z).
14
Suppose 4*m - 3*q + 11 = 0, -4*m + 6 = 3*q - 13. Let p(i) = 7*i + 12. Let y(o) = 2*o + 2. Let h(b) = m*p(b) - 4*y(b). What is h(2)?
2
Let g(i) be the first derivative of -1/3*i**3 - 85 - 3*i + 1/2*i**2. What is g(3)?
-9
Let j(c) be the second derivative of c**3/2 - c**2 - 2*c - 821. Let i(y) = y**3 - 3*y - 2. Let w be i(-2). What is j(w)?
-14
Let c be (-3)/(-1) + 0 - -1. Let i(b) be the third derivative of b**4/6 - 2*b**3/3 + b**2 + 51*b - 55. Calculate i(c).
12
Let o(m) = -334*m + 1019. Let d be o(3). Let v(s) = -s**2 + 15*s + 42. What is v(d)?
8
Let q(c) = -6 - 5*c - 5 + 8 + 9 + 5. Let r(i) = -7*i + 11. Let x(b) = 3*q(b) - 2*r(b). Calculate x(9).
2
Let f(u) be the first derivative of u**4/4 + u**3/3 + 159*u**2/2 + 95. Let i(d) be the second derivative of f(d). Give i(-2).
-10
Suppose 2*t + 3*c - 192 = 0, 2*t + 5*c - 88 = 108. Let o = t + -107. Let b = o + 20. Let m(q) = -q**3 + 5*q**2 + 8*q. Give m(b).
12
Let j(v) = 3 - 3*v**3 - 10*v**2 + 3*v - 4*v - 2. Let z be (9 - (-638)/(-55) - -2)/(-7*2/(-70)). Give j(z).
-5
Let d(u) = -u**3 + 7*u**2 + 11*u + 2. Suppose 0 = -6*y + 2517 - 567. Suppose -y = -30*z - 85. What is d(z)?
26
Let n = 10487 - 10500. Let c(u) = -u**3 - 11*u**2 + 34*u + 31. Calculate c(n).
-73
Suppose 3*o = 5*l + 52, 0 = 41*l - 37*l - o + 43. Let a(d) = d**2 + 14*d + 36. What is a(l)?
3
Let l(p) be the second derivative of p**4/4 - 11*p**3/6 + 19*p**2 - 2888*p. Give l(3).
32
Let u(p) = p**2 + 5*p - 1 - 3*p**3 - 2*p**2 + 2*p**3 + 6*p**2. Let g be ((-93)/12 + 3)/((-4)/(-48)). Let q = g + 63. What is u(q)?
-7
Let v(g) be the third derivative of -g**6/120 + g**5/20 - g**4/24 - g**2. Let h = -88743 - -88746. Determine v(h).
-3
Let d(y) = y + 5. Let m be d(-5). Suppose m = -5*w - 0*w + 10. Let b(q) = -6*q + 24970 - 49938 + 24971. Determine b(w).
-9
Let g(o) = -4*o - 2. Suppose 0 = -54*k + 8*k + 22*k - 120. Give g(k).
18
Let d(m) be the second derivative of -m**8/1120 - m**7/2520 - m**6/720 - 5*m**4/6 - 10*m. Let t(r) be the third derivative of d(r). Let p = -5 + 4. Give t(p).
6
Let x(c) be the second derivative of -7*c**4/6 - c**2/2 - c. Let w = 108 + -104. Suppose 22 = w*v + 18*v. Calculate x(v).
-15
Let c(v) = 36725*v + 1 - 73450*v + 36727*v + v**2. What is c(-6)?
25
Suppose 3*b - 11 = b + 3*c, 0 = b + 5*c - 38. Let g(n) = -10 - 59 + 47 + n + 5 - 2. Give g(b).
-6
Let s(y) be the first derivative of -y**2/2 - 11*y + 5743. Calculate s(10).
-21
Let t(y) = y**2 - 4*y - 1. Suppose 5*a = -1 - 4. Let h(z) be the second derivative of z**3/6 + 300*z. Let g(c) = a*t(c) + 2*h(c). What is g(5)?
6
Let w(i) = -3*i**3 + 8 + 3 - 6*i**2 + 4*i**3 - 5*i - 5 + i**2. Let d(n) = -n**3 + 17*n**2 - 2*n + 39. Let z be d(17). Calculate w(z).
-19
Let w(o) = 37 - 14 + 807*o - 390*o - 395*o. Determine w(-2).
-21
Let j be (-2)/3*6 + 7. Suppose 5 = j*s - 1. Suppose 0 = -5*y - 4*c - 15, y = -2*y - s*c - 7. Let h(f) = 7*f**3 - f**2 + 2*f - 1. Give h(y).
7
Let h(c) = c**3 - 7*c**2 - 17*c + 21. Let j = -29755 + 29764. What is h(j)?
30
Let o = -5909 + 5911. Let k(j) be the first derivative of -1/2*j**2 - 4 + o*j. Calculate k(6).
-4
Let m(j) = -9*j**2 - 92*j - 17. Let y(n) = 5*n**2 + 50*n + 9. Let g(d) = -6*m(d) - 11*y(d). Calculate g(3).
0
Let j(o) = o**2 - 11*o - 210. Let v be (-10044)/(-486) - 3/(-9). What is j(v)?
0
Let z = -42275 + 42251. Let s(u) = -2*u**2 - 49*u - 43. Give s(z).
-19
Suppose j - 6 = 8. Let h = -7 + j. Let w(s) = -16*s + 5*s + 5*s - 5 + 10 + 7*s. Give w(h).
12
Let x = -380 + 327. Let l(h) = -h**3 - 2*h**2 - h - 4. Let m be l(3). Let f = m - x. Let b(u) = -7*u**3 + u**2 - u. Give b(f).
-7
Let c(b) = b**3 + 4*b**2 - b + 22. Suppose 20 + 10 = -6*h. Let s be c(h). Let o(j) = j**3 + 2*j**2 - j - 1. What is o(s)?
13
Suppose 3*z = -n - 3, 0 = 2*z + 2*n - 3 + 1. Let o be (3 - 2)*(z + 4). Let c(d) = 228*d**3 + 6 + 8*d**o - 1 + 3*d - 227*d**3. Determine c(-8).
-19
Let q be (11 + -3 - 3) + 6000/20. Let j = q + -306. Let k(o) = -5*o. Give k(j).
5
Let f(x) = 8 - 5*x**2 + 151*x - 275*x + 117*x. Determine f(1).
-4
Let w(k) = 66*k + 33. Let x(t) = 35*t + 18. Let j(y) = 6*w(y) - 10*x(y). Calculate j(-5).
-212
Let p(r) be the first derivative of r**4/2 + 37*r**3/3 - 19*r**2/2 + r + 378. Give p(-19).
1
Let h(b) = 6*b**3 - 2*b**2 + 2*b - 1. Let k(z) = z - 1. Let u(n) = 2*n - 46. Let w(l) = 3*k(l) - u(l). Let g be w(-9). Suppose -3*j = -37 + g. Calculate h(j).
5
Let l(z) = -44*z**2 - 11*z + 3. Let j(q) = -15*q**2 - 4*q + 1. Let g(s) = -11*j(s) + 4*l(s). Suppose o - 194 = -322. Let w = o - -127. What is g(w)?
-10
Let n(f) be the second derivative of f**4/12 - 7*f**3/6 + 4*f**2 + 295*f + 2. Determine n(5).
-2
Let w(s) = -3*s**2 + s + 6. Let k be 5 + 1/((-2)/24). Let p = -9 - k. Let j be w(p). Let c(u) = -u**3 - 8*u**2 + u + 6. Calculate c(j).
-2
Let a(s) = -5*s**2 - 11*s + 6. Let m be (-2)/6 + 40/(-15). Let r be a(m). Let v(q) = -2*q**2 - 9*q - 3. Give v(r).
-21
Let z be (2/(-4))/(4/(-64)). Let i(j) = -j**2 + 22*j + 7. Let k be i(22). Let t(a) = k*a - 192*a**2 + 2 + 0*a + 191*a**2. What is t(z)?
-6
Suppose -p = -4 + 1, m = -2*p + 246. Suppose -m = -15*l + 23*l. Let u be (l/(-8))/((-9)/(-24)). Let z(o) = o**2 - 9*o - 3. Give z(u).
7
Suppose 0*b = -b - h - 10, 0 = b - 4*h + 25. Let v(y) = 5*y**2 - 12*y - 11. Let w(n) = 3*n**2 - 5*n - 6. Let t(j) = -4*v(j) + 7*w(j). What is t(b)?
2
Let n(x) = x**2 - 8*x + 5. Suppose -3*j + 1470 = 3*b, 9*j + 490 = 10*j + 4*b. Let v = j - 484. Determine n(v).
-7
Suppose 0 = l + 5*p - 5, 5*p - 12 = 3. Let y(j) = j**2 + 8*j - 18. Determine y(l).
2
Let x(r) be the third derivative of 4*r**5/5 - r**4/12 + r**3/6 - 3608*r**2. Give x(1).
47
Suppose 3*r - 23 = -2*l, -4*l + 3*l - 11 = -3*r. Let k(y) = 2 + 13*